?
20
Let m = 132 - 134. Let d(i) = 9*i**2 + 3*i + 6. Let p be d(m). Calculate the highest common divisor of p and 126.
18
Let v be 130/(-195) - 2210/(-30). Let z = 9 - -64. What is the highest common factor of z and v?
73
Let h be -8*(234/(-46) + -2 - (-174)/2001). What is the highest common divisor of 324 and h?
4
Let h(a) = a**3 + 2*a**2 - 4*a - 1. Let j be h(-3). Let i be j/3*2*(-24)/(-16). What is the greatest common divisor of i and 38?
2
Let z = -116 - -120. Let y(i) = 4*i**2 - 13*i + 38. Let t be y(z). Suppose 0 = -3*o + t + 196. What is the greatest common divisor of 205 and o?
41
Let p(t) = -2*t**3 - 83*t**2 - 466*t + 40. Let m be p(-35). Calculate the greatest common factor of 1225 and m.
25
Let l = 2104 + -3588. Let m be 3/(-9) - (l/6)/1. Calculate the greatest common factor of m and 13.
13
Let t(u) = -u**2 - 42*u - 169. Let c be t(-17). Suppose -5*h - c = -f - 771, 5*f = -2*h + 233. What is the greatest common divisor of 182 and h?
26
Suppose 30*n - 16833 = -14283. Calculate the highest common divisor of 14195 and n.
85
Let f = 334 - 339. Let g be (-22)/f*36*(-150)/(-20). What is the highest common factor of g and 27?
27
Let f be (144/(-90))/(-2*2/10). Suppose -f*b + x + 335 = 0, 4*x = -4*b + b + 256. Calculate the highest common factor of b and 504.
84
Let l = -250 - -835. Suppose l = 4*k + p, -9*p + 4*p + 589 = 4*k. Calculate the greatest common divisor of k and 2.
2
Let h be (24/30)/((2/(-5))/1). Let k be ((-224)/40)/(h/25). Calculate the highest common divisor of 280 and k.
70
Suppose 38*n = -205*n + 1759172 + 584806. What is the greatest common divisor of 13 and n?
13
Let p be 2/((-210)/214 - -1). Let f = p + -44. Let i = f + -38. What is the highest common divisor of i and 225?
25
Let u be 14*7*(-2)/(-28). Let j be (3 + -2)/(6/12). Let p be -3 + j + 54 - 4. Calculate the highest common divisor of u and p.
7
Let d be 434 + -9*(-98)/126. Calculate the greatest common factor of d and 117.
9
Suppose 3*l - 3*b = -45, 2*b - 4*b - 10 = 0. Let r be (-16)/(-40) + (-1592)/l. Let w be ((-32)/3)/(1/(-6)). What is the greatest common divisor of r and w?
16
Let f = 7 - -1. Let y(l) = 21*l - 167. Let o be y(f). What is the highest common factor of 73 and o?
1
Let g be (28/(-8) - -3) + 9/(-6)*-135. What is the highest common factor of g and 707?
101
Let g(a) = 10*a - 338. Let o be g(47). What is the highest common divisor of 792 and o?
132
Suppose 3*l - 10 + 13 = -4*u, 0 = 4*u + 2*l + 2. Suppose -5 = -w, u = 5*p + w - 47 - 113. What is the greatest common divisor of 589 and p?
31
Suppose 5 = 5*i + 5*a, -2*i + 4 - 5 = 3*a. Let m = i - -11. Let j be 2/8 - 273/(-28). Calculate the greatest common divisor of j and m.
5
Let v = 11434 - 8059. Calculate the highest common factor of v and 105.
15
Let i(q) = -q**3 + 10*q**2 + 5*q - 7. Let s be i(7). Suppose -15866 = -246*o + 9964. Calculate the highest common factor of o and s.
35
Suppose -192 - 120 = 6*f. Let j = -65 - f. Let i(p) = -p**2 - 14*p - 11. Let l be i(j). What is the greatest common divisor of l and 14?
2
Let p(b) = 4*b**3 + 217*b**2 + 47*b - 154. Let o be p(-54). What is the highest common divisor of 3776 and o?
32
Let u be 6*(-3 + 2/(12/662)). Suppose 5*o + 2*p - 805 = 0, -6*o + 2*o + u = 5*p. Let g = o - 57. Calculate the greatest common divisor of g and 8.
8
Let n(c) be the third derivative of c**5/60 - 3*c**3/2 + 6*c**2. Let f be n(7). Calculate the greatest common factor of 140 and f.
20
Suppose -4*q + 1416 = -3*v + 702, -2*q = -2*v - 354. What is the greatest common divisor of q and 183?
183
Let h = 454 - 434. Let w be (-4)/6 + 774/27. Suppose w + 52 = 2*r. Calculate the greatest common divisor of r and h.
20
Let b(o) = -o**3 - 8*o**2 + 15*o + 104. Let i be b(-9). What is the greatest common divisor of i and 54?
2
Suppose -37*q = -43*q - 3*n + 654, q + 3*n - 114 = 0. Calculate the highest common factor of 684 and q.
36
Let n be 3/6 + 38/(-4). Let v(z) = -23*z + 15. Let i be v(n). Let t = i - 123. Calculate the highest common divisor of t and 11.
11
Let q be (-482)/(16014/1003 - 16). What is the greatest common divisor of q and 59?
59
Let q be (-7)/(2*4/(-2536)) - (38 - 45). Calculate the highest common factor of q and 63.
21
Let i be -1*(3528 - -23)*-1. What is the highest common divisor of i and 159?
53
Let d(y) = 59*y**2 - 161*y + 320. Let j be d(2). What is the greatest common divisor of j and 1196?
26
Let y be (-6)/(-8)*28/7. Suppose -y*z - 60 - 6 = 0. Let d be 4/4*(3 - z). Calculate the greatest common factor of 10 and d.
5
Let o be (4/(-6))/(816/(-552024)). Calculate the highest common divisor of o and 44.
11
Suppose -446*p + 282*p = -755384. Calculate the highest common factor of 588 and p.
98
Let v(k) = 11*k**2 - 2*k - 3. Let n = 0 + 3. Let g be v(n). Calculate the highest common divisor of 18 and g.
18
Let o(q) = -159*q + 2099. Let t be o(13). Let x be (0 - (-2)/2)*40. What is the greatest common divisor of t and x?
8
Let h(j) = 23*j**2 + 2*j + 1. Let m be -2 + 1 + 2 + -2. Let i be h(m). Suppose 14*w - 1026 = 1740 + 622. Calculate the highest common divisor of i and w.
22
Let v = 76 - 35. Let q = v - 39. Suppose -38 - 6 = -q*b. What is the greatest common divisor of b and 33?
11
Suppose 14*v = 22*v - 3992. Let o = 529 - v. Calculate the highest common factor of 70 and o.
10
Suppose -2*p + p + 5*y = -1023, 0*y = -y. Calculate the greatest common divisor of p and 1767.
93
Suppose 4*q - 729 = 2*m - 7*m, -3*m + 15 = 0. Suppose 0 = c + 1, 6*f - c + 95 = 2*f. Let h = -2 - f. What is the highest common divisor of q and h?
22
Suppose 336290*l + 5088 = 336306*l. What is the greatest common divisor of 11024 and l?
106
Let t be (-28 - -20) + 87/2 + 1/2. Calculate the greatest common factor of 84 and t.
12
Let u(o) = -9*o**2 - o - 3. Let l be u(-3). Let s be l/(-5) - (-2)/(-10). Let q be (728/77 + -8)*(24 - 13). Calculate the highest common divisor of s and q.
16
Suppose 537 - 225 = 12*v. What is the highest common divisor of 9022 and v?
26
Suppose 13*r - 1280 = -357. Let q = -66 + r. Suppose 2*y - 2*f = q*y - 46, -y + f = -22. What is the highest common factor of y and 126?
18
Suppose 329 = -3*t - 4*t. Let w = -39 - t. Suppose -5*c = -4*q - 64, 1 = 2*c - 3*q - 19. Calculate the greatest common divisor of w and c.
8
Suppose y - 2341 = -5*g, 4*g + 114*y = 113*y + 1872. What is the greatest common factor of 871 and g?
67
Let l = -113 + -97. Let n be l/(-75)*3*5. Suppose 97 = 4*g - 71. Calculate the greatest common divisor of g and n.
42
Suppose 5*r - 5*h = -5, 5*r - 35 = -0*r - 3*h. Let j = r - 11. Let g be 3/j + 187/77. Calculate the highest common factor of 22 and g.
2
Suppose -28 = 2*q - 368. Calculate the highest common divisor of q and 295.
5
Let x(u) = 261*u - 75. Let z be x(6). Suppose -1461 = 5*j - z. What is the highest common factor of j and 3?
3
Let k(q) = q**3 + 9*q**2 + 11*q + 17. Let f be k(-7). Let m be ((-66)/(-8))/((-1532)/(-304) - 5). What is the highest common divisor of f and m?
19
Suppose -22 = -4*l - n, 0 = -3*l + 4*n + 4 + 3. Suppose -3*d = -2*d - 3, -l*w - 3*d + 184 = 0. Calculate the highest common divisor of w and 385.
35
Let j = -445 - -735. Suppose -5*y - 3*z - 2*z = -j, 2*z - 55 = -y. Let p = y - 13. What is the greatest common divisor of 6 and p?
6
Let j be (4592/(-21))/(1/(-3)). Let d(v) = v**2 + 20*v + 41. Let k be d(0). Calculate the highest common factor of k and j.
41
Let d be 24/96 + (-53995)/(-20). What is the greatest common factor of d and 24?
12
Suppose -10*y - 34 = -27*y. Let f be (-27 - -25)*(-35)/y. What is the highest common divisor of 10 and f?
5
Suppose -2*n - 4*z - 6 = 2, -3*z = -4*n + 28. Suppose 693 = -n*x - 5*x. Let k = 86 + x. Calculate the highest common factor of 90 and k.
9
Let f(h) = -10*h + 112. Let k be f(9). Let z be k/((4/7)/(40/28)). Calculate the greatest common factor of 33 and z.
11
Suppose -j - 4*u = 0, 2*j - 3*u = -3*j + 69. Calculate the highest common divisor of j and 348.
12
Let z = -2720 + 3689. Calculate the highest common factor of 114 and z.
57
Let r(m) = -2445*m**2 - 7510*m + 3. Let s be r(-3). Let a(h) = -h**2 - 22. Let j be a(0). Let f = j + 70. What is the highest common divisor of f and s?
48
Let b be (-3)/5 + 815/25. Let y = b + 148. What is the greatest common divisor of 20 and y?
20
Suppose 0 = 198*g + 